{"id":1253,"date":"2024-02-28T08:58:25","date_gmt":"2024-02-28T07:58:25","guid":{"rendered":"https:\/\/www.starejsiadjnasvadbu.sk\/?page_id=1253"},"modified":"2026-01-21T21:43:53","modified_gmt":"2026-01-21T20:43:53","slug":"svadobny-balik-komplet","status":"publish","type":"page","link":"https:\/\/www.starejsiadjnasvadbu.sk\/?page_id=1253","title":{"rendered":"Svadobn\u00fd bal\u00edk &#8222;STANDART&#8220;"},"content":{"rendered":"\n<p class=\"has-text-align-center has-luminous-vivid-amber-background-color has-background\" style=\"font-size:21px\"><strong>KOMPLETN\u00dd BAL\u00cdK SO V\u0160ETK\u00ddM \u010cO K TOMU PATR\u00cd&#8230;<\/strong><\/p>\n\n\n\n<p class=\"has-text-align-center\" style=\"font-size:20px\"><strong>DJ &amp; MODER\u00c1TOR<\/strong> <strong>NA SVADBE s kompletnou technikou<\/strong><\/p>\n\n\n\n<p class=\"has-text-align-center\" style=\"font-size:20px\"><strong>STAREJ\u0160\u00cd NA SVADBE so v\u0161etk\u00fdmi rekvizitami &amp; pr\u00edslu\u0161enstvom<\/strong><\/p>\n\n\n\n<p class=\"has-text-align-center\" style=\"font-size:20px\"><strong>PROFESION\u00c1LNA ZVUKOV\u00c1 A SVETELN\u00c1 TECHNIKA<\/strong><\/p>\n\n\n\n<p class=\"has-text-align-center\" style=\"font-size:20px\"><strong>OSVETLENIE TANE\u010cN\u00c9HO PARKETU SVETELN\u00ddMI EFEKTAMI<\/strong><\/p>\n\n\n\n<p class=\"has-text-align-center\" style=\"font-size:20px\"><strong>JEMN\u00dd DYM pre vyniknutie sveteln\u00fdch efektov <\/strong><\/p>\n\n\n\n<p><\/p>\n","protected":false},"excerpt":{"rendered":"<div class=\"mh-excerpt\"><p>KOMPLETN\u00dd BAL\u00cdK SO V\u0160ETK\u00ddM \u010cO K TOMU PATR\u00cd&#8230; DJ &amp; MODER\u00c1TOR NA SVADBE s kompletnou technikou STAREJ\u0160\u00cd NA SVADBE so v\u0161etk\u00fdmi rekvizitami &amp; pr\u00edslu\u0161enstvom PROFESION\u00c1LNA <a class=\"mh-excerpt-more\" href=\"https:\/\/www.starejsiadjnasvadbu.sk\/?page_id=1253\" title=\"Svadobn\u00fd bal\u00edk &#8222;STANDART&#8220;\">[&#8230;]<\/a><\/p>\n<\/div>","protected":false},"author":1,"featured_media":0,"parent":0,"menu_order":0,"comment_status":"closed","ping_status":"closed","template":"","meta":{"_monsterinsights_skip_tracking":false,"_monsterinsights_sitenote_active":false,"_monsterinsights_sitenote_note":"","_monsterinsights_sitenote_category":0,"footnotes":""},"class_list":["post-1253","page","type-page","status-publish","hentry"],"_links":{"self":[{"href":"https:\/\/www.starejsiadjnasvadbu.sk\/index.php?rest_route=\/wp\/v2\/pages\/1253","targetHints":{"allow":["GET"]}}],"collection":[{"href":"https:\/\/www.starejsiadjnasvadbu.sk\/index.php?rest_route=\/wp\/v2\/pages"}],"about":[{"href":"https:\/\/www.starejsiadjnasvadbu.sk\/index.php?rest_route=\/wp\/v2\/types\/page"}],"author":[{"embeddable":true,"href":"https:\/\/www.starejsiadjnasvadbu.sk\/index.php?rest_route=\/wp\/v2\/users\/1"}],"replies":[{"embeddable":true,"href":"https:\/\/www.starejsiadjnasvadbu.sk\/index.php?rest_route=%2Fwp%2Fv2%2Fcomments&post=1253"}],"version-history":[{"count":5,"href":"https:\/\/www.starejsiadjnasvadbu.sk\/index.php?rest_route=\/wp\/v2\/pages\/1253\/revisions"}],"predecessor-version":[{"id":1394,"href":"https:\/\/www.starejsiadjnasvadbu.sk\/index.php?rest_route=\/wp\/v2\/pages\/1253\/revisions\/1394"}],"wp:attachment":[{"href":"https:\/\/www.starejsiadjnasvadbu.sk\/index.php?rest_route=%2Fwp%2Fv2%2Fmedia&parent=1253"}],"curies":[{"name":"wp","href":"https:\/\/api.w.org\/{rel}","templated":true}]}}