{"id":1256,"date":"2024-02-28T08:59:28","date_gmt":"2024-02-28T07:59:28","guid":{"rendered":"https:\/\/www.starejsiadjnasvadbu.sk\/?page_id=1256"},"modified":"2026-01-21T21:54:31","modified_gmt":"2026-01-21T20:54:31","slug":"svadobny-balik-maxi","status":"publish","type":"page","link":"https:\/\/www.starejsiadjnasvadbu.sk\/?page_id=1256","title":{"rendered":"Svadobn\u00fd bal\u00edk &#8222;MAXI&#8220;"},"content":{"rendered":"\n<p class=\"has-text-align-center has-vivid-green-cyan-background-color has-background\" style=\"font-size:26px\"><strong>MAXIM\u00c1LNA RADOS\u0164 PRE V\u0160ETK\u00ddCH&#8230;<\/strong><\/p>\n\n\n\n<p class=\"has-text-align-center\" style=\"font-size:21px\"><strong>DJ &amp; MODER\u00c1TOR NA SVADBE s komplet technikou <\/strong><\/p>\n\n\n\n<p class=\"has-text-align-center\" style=\"font-size:20px\"><strong>STAREJ\u0160\u00cd NA SVADBE vr\u00e1tane odobierky so v\u0161etk\u00fdmi rekvizitami <\/strong><\/p>\n\n\n\n<p class=\"has-text-align-center\" style=\"font-size:24px\"><strong>SVADOBN\u00dd TANEC V OBLAKOCH ZADARMO !!! <\/strong><\/p>\n\n\n\n<p class=\"has-text-align-center\" style=\"font-size:24px\"><strong>CUKROV\u00c1 VATA &amp; POPCORN ZADARMO !!!<\/strong><\/p>\n\n\n\n<p class=\"has-text-align-center\" style=\"font-size:20px\"><strong>NASVIETENIE SVADOBNEJ MIESTNOSTI s LED PAR ZADARMO !!! <\/strong><\/p>\n\n\n\n<p class=\"has-text-align-center\" style=\"font-size:22px\"><strong>FOTKY DO RUKY NA PO\u010cKANIE v po\u010dte 100ks ZDARMA<\/strong><\/p>\n\n\n\n<p class=\"has-text-align-center\" style=\"font-size:23px\"><strong>PROFESION\u00c1LNA ZVUKOV\u00c1 &amp; SVETELN\u00c1 TECHNIKA <\/strong><\/p>\n\n\n\n<p class=\"has-text-align-center\" style=\"font-size:20px\"><strong>OSVETLENIE TANE\u010cN\u00c9HO PARKETU SVETELN\u00ddMI EFEKTAMI <\/strong><\/p>\n\n\n\n<p class=\"has-text-align-center\" style=\"font-size:25px\"><strong>JEMN\u00dd DYM pre vyniknutie sveteln\u00fdch efektov <\/strong><\/p>\n\n\n\n<p class=\"has-text-align-center\" style=\"font-size:26px\"><strong>Ozvu\u010denie svadobn\u00e9ho obradu <\/strong><\/p>\n","protected":false},"excerpt":{"rendered":"<div class=\"mh-excerpt\"><p>MAXIM\u00c1LNA RADOS\u0164 PRE V\u0160ETK\u00ddCH&#8230; DJ &amp; MODER\u00c1TOR NA SVADBE s komplet technikou STAREJ\u0160\u00cd NA SVADBE vr\u00e1tane odobierky so v\u0161etk\u00fdmi rekvizitami SVADOBN\u00dd TANEC V OBLAKOCH ZADARMO <a class=\"mh-excerpt-more\" href=\"https:\/\/www.starejsiadjnasvadbu.sk\/?page_id=1256\" title=\"Svadobn\u00fd bal\u00edk &#8222;MAXI&#8220;\">[&#8230;]<\/a><\/p>\n<\/div>","protected":false},"author":1,"featured_media":0,"parent":0,"menu_order":0,"comment_status":"closed","ping_status":"closed","template":"","meta":{"_monsterinsights_skip_tracking":false,"_monsterinsights_sitenote_active":false,"_monsterinsights_sitenote_note":"","_monsterinsights_sitenote_category":0,"footnotes":""},"class_list":["post-1256","page","type-page","status-publish","hentry"],"_links":{"self":[{"href":"https:\/\/www.starejsiadjnasvadbu.sk\/index.php?rest_route=\/wp\/v2\/pages\/1256","targetHints":{"allow":["GET"]}}],"collection":[{"href":"https:\/\/www.starejsiadjnasvadbu.sk\/index.php?rest_route=\/wp\/v2\/pages"}],"about":[{"href":"https:\/\/www.starejsiadjnasvadbu.sk\/index.php?rest_route=\/wp\/v2\/types\/page"}],"author":[{"embeddable":true,"href":"https:\/\/www.starejsiadjnasvadbu.sk\/index.php?rest_route=\/wp\/v2\/users\/1"}],"replies":[{"embeddable":true,"href":"https:\/\/www.starejsiadjnasvadbu.sk\/index.php?rest_route=%2Fwp%2Fv2%2Fcomments&post=1256"}],"version-history":[{"count":5,"href":"https:\/\/www.starejsiadjnasvadbu.sk\/index.php?rest_route=\/wp\/v2\/pages\/1256\/revisions"}],"predecessor-version":[{"id":1402,"href":"https:\/\/www.starejsiadjnasvadbu.sk\/index.php?rest_route=\/wp\/v2\/pages\/1256\/revisions\/1402"}],"wp:attachment":[{"href":"https:\/\/www.starejsiadjnasvadbu.sk\/index.php?rest_route=%2Fwp%2Fv2%2Fmedia&parent=1256"}],"curies":[{"name":"wp","href":"https:\/\/api.w.org\/{rel}","templated":true}]}}