{"id":189,"date":"2020-01-18T12:35:27","date_gmt":"2020-01-18T11:35:27","guid":{"rendered":"https:\/\/www.starejsiadjnasvadbu.sk\/?page_id=189"},"modified":"2026-01-21T21:59:44","modified_gmt":"2026-01-21T20:59:44","slug":"svadobny-mega-balik","status":"publish","type":"page","link":"https:\/\/www.starejsiadjnasvadbu.sk\/?page_id=189","title":{"rendered":"SVADOBN\u00dd BAL\u00cdK &#8222;\u0160PECI\u00c1L&#8220;"},"content":{"rendered":"\n<p class=\"has-text-align-center has-black-color has-pale-cyan-blue-background-color has-text-color has-background\" style=\"font-size:26px\"><strong>\u0160PECI\u00c1LNY BAL\u00cdK, PRE N\u00c1RO\u010cN\u00ddCH &#8230;<\/strong><\/p>\n\n\n\n<p class=\"has-text-align-center has-medium-font-size\"><strong>DJ &amp; MODER\u00c1TOR NA SVADBE s<\/strong> <strong>kompletnou technikou<\/strong><\/p>\n\n\n\n<p class=\"has-text-align-center has-medium-font-size\"><strong>STAREJ\u0160\u00cd NA SVADBE VR\u00c1TANE ODOBIERKY so v\u0161etk\u00fdmi rekvizitami<\/strong><\/p>\n\n\n\n<p class=\"has-text-align-center has-medium-font-size\"><strong>NASVIETENIE SVADOBNEJ MIESTNOSTI s LED PAR rgbwa-uv <\/strong><\/p>\n\n\n\n<p class=\"has-text-align-center has-medium-font-size\"><strong>CUKROV\u00c1 VATA &amp; POPCORN ZADARMO !!!<\/strong><\/p>\n\n\n\n<p class=\"has-text-align-center has-medium-font-size\"><strong>PROFESION\u00c1LNA ZVUKOV\u00c1 &amp; SVETELN\u00c1 TECHNIKA <\/strong><\/p>\n\n\n\n<p class=\"has-text-align-center has-medium-font-size\"><strong>OSVETLENIE TANE\u010cN\u00c9HO PARKETU SVETELN\u00ddMI EFEKTAMI<\/strong><\/p>\n\n\n\n<p class=\"has-text-align-center has-medium-font-size\"><strong>JEMN\u00dd DYM pre vyniknutie sveteln\u00fdch efektov<\/strong><\/p>\n\n\n\n<p class=\"has-text-align-center has-text-color has-link-color has-medium-font-size wp-elements-5e458656a1c2e186febf838b0e0b5127\" style=\"color:#d62020\"><strong>Doplnky, ktor\u00e9 je mo\u017en\u00e9 si doobjedna\u0165 :<\/strong><\/p>\n\n\n\n<p class=\"has-text-align-center\" style=\"font-size:25px\"><strong>Ozvu\u010denie svadobn\u00e9ho obradu<\/strong><\/p>\n\n\n\n<p class=\"has-text-align-center\" style=\"font-size:25px\"><strong>Fotky do ruky na po\u010dkanie <\/strong><\/p>\n\n\n\n<p class=\"has-text-align-center\" style=\"font-size:25px\"><strong>Tanec v oblakoch <\/strong><\/p>\n","protected":false},"excerpt":{"rendered":"<div class=\"mh-excerpt\"><p>\u0160PECI\u00c1LNY BAL\u00cdK, PRE N\u00c1RO\u010cN\u00ddCH &#8230; DJ &amp; MODER\u00c1TOR NA SVADBE s kompletnou technikou STAREJ\u0160\u00cd NA SVADBE VR\u00c1TANE ODOBIERKY so v\u0161etk\u00fdmi rekvizitami NASVIETENIE SVADOBNEJ MIESTNOSTI s <a class=\"mh-excerpt-more\" href=\"https:\/\/www.starejsiadjnasvadbu.sk\/?page_id=189\" title=\"SVADOBN\u00dd BAL\u00cdK &#8222;\u0160PECI\u00c1L&#8220;\">[&#8230;]<\/a><\/p>\n<\/div>","protected":false},"author":1,"featured_media":0,"parent":0,"menu_order":0,"comment_status":"closed","ping_status":"closed","template":"","meta":{"_monsterinsights_skip_tracking":false,"_monsterinsights_sitenote_active":false,"_monsterinsights_sitenote_note":"","_monsterinsights_sitenote_category":0,"footnotes":""},"class_list":["post-189","page","type-page","status-publish","hentry"],"_links":{"self":[{"href":"https:\/\/www.starejsiadjnasvadbu.sk\/index.php?rest_route=\/wp\/v2\/pages\/189","targetHints":{"allow":["GET"]}}],"collection":[{"href":"https:\/\/www.starejsiadjnasvadbu.sk\/index.php?rest_route=\/wp\/v2\/pages"}],"about":[{"href":"https:\/\/www.starejsiadjnasvadbu.sk\/index.php?rest_route=\/wp\/v2\/types\/page"}],"author":[{"embeddable":true,"href":"https:\/\/www.starejsiadjnasvadbu.sk\/index.php?rest_route=\/wp\/v2\/users\/1"}],"replies":[{"embeddable":true,"href":"https:\/\/www.starejsiadjnasvadbu.sk\/index.php?rest_route=%2Fwp%2Fv2%2Fcomments&post=189"}],"version-history":[{"count":6,"href":"https:\/\/www.starejsiadjnasvadbu.sk\/index.php?rest_route=\/wp\/v2\/pages\/189\/revisions"}],"predecessor-version":[{"id":1405,"href":"https:\/\/www.starejsiadjnasvadbu.sk\/index.php?rest_route=\/wp\/v2\/pages\/189\/revisions\/1405"}],"wp:attachment":[{"href":"https:\/\/www.starejsiadjnasvadbu.sk\/index.php?rest_route=%2Fwp%2Fv2%2Fmedia&parent=189"}],"curies":[{"name":"wp","href":"https:\/\/api.w.org\/{rel}","templated":true}]}}